{"id":386,"date":"2022-10-25T15:29:16","date_gmt":"2022-10-25T12:29:16","guid":{"rendered":"https:\/\/gruyerestories.com\/archive2022\/?page_id=386"},"modified":"2022-10-25T15:29:16","modified_gmt":"2022-10-25T12:29:16","slug":"annas-butterdeigspiroger","status":"publish","type":"page","link":"https:\/\/gruyerestories.com\/archive2022\/no\/annas-butterdeigspiroger\/","title":{"rendered":"Annas butterdeigspiroger"},"content":{"rendered":"\n<p>Anna lagde sine \u00f8steuropeiske butterdeigspiroger med sopp, karamellisert l\u00f8k og Le Gruy\u00e8re AOP til vennene sine.<\/p>\n","protected":false},"excerpt":{"rendered":"<p>Anna lagde sine \u00f8steuropeiske butterdeigspiroger med sopp, karamellisert l\u00f8k og Le Gruy\u00e8re AOP til vennene sine.<\/p>\n","protected":false},"author":1,"featured_media":164,"parent":0,"menu_order":0,"comment_status":"closed","ping_status":"closed","template":"template-recept.php","meta":{"footnotes":""},"class_list":["post-386","page","type-page","status-publish","has-post-thumbnail","hentry"],"acf":[],"yoast_head":"<!-- This site is optimized with the Yoast SEO plugin v27.3 - https:\/\/yoast.com\/product\/yoast-seo-wordpress\/ -->\n<title>Annas butterdeigspiroger - The Stories of Le Gruy\u00e8re AOP<\/title>\n<meta name=\"description\" content=\"Anna lagde sine \u00f8steuropeiske butterdeigspiroger med sopp, karamellisert l\u00f8k og Le Gruy\u00e8re AOP til vennene sine.\" \/>\n<meta name=\"robots\" content=\"index, follow, max-snippet:-1, max-image-preview:large, max-video-preview:-1\" \/>\n<link rel=\"canonical\" href=\"https:\/\/gruyerestories.com\/archive2022\/no\/annas-butterdeigspiroger\/\" \/>\n<meta property=\"og:locale\" content=\"en_US\" \/>\n<meta property=\"og:type\" content=\"article\" \/>\n<meta property=\"og:title\" content=\"Annas butterdeigspiroger - The Stories of Le Gruy\u00e8re AOP\" \/>\n<meta property=\"og:description\" content=\"Anna lagde sine \u00f8steuropeiske butterdeigspiroger med sopp, karamellisert l\u00f8k og Le Gruy\u00e8re AOP til vennene sine.\" \/>\n<meta property=\"og:url\" content=\"https:\/\/gruyerestories.com\/archive2022\/no\/annas-butterdeigspiroger\/\" \/>\n<meta property=\"og:site_name\" content=\"The Stories of Le Gruy\u00e8re AOP\" \/>\n<meta property=\"og:image\" content=\"https:\/\/gruyerestories.com\/archive2022\/wp-content\/uploads\/2022\/06\/Annas-pastry-pirogues-img.jpg\" \/>\n\t<meta property=\"og:image:width\" content=\"800\" \/>\n\t<meta property=\"og:image:height\" content=\"943\" \/>\n\t<meta property=\"og:image:type\" content=\"image\/jpeg\" \/>\n<meta name=\"twitter:card\" content=\"summary_large_image\" \/>\n<meta name=\"twitter:label1\" content=\"Est. reading time\" \/>\n\t<meta name=\"twitter:data1\" content=\"1 minute\" \/>\n<script type=\"application\/ld+json\" class=\"yoast-schema-graph\">{\"@context\":\"https:\\\/\\\/schema.org\",\"@graph\":[{\"@type\":\"WebPage\",\"@id\":\"https:\\\/\\\/gruyerestories.com\\\/archive2022\\\/no\\\/annas-butterdeigspiroger\\\/\",\"url\":\"https:\\\/\\\/gruyerestories.com\\\/archive2022\\\/no\\\/annas-butterdeigspiroger\\\/\",\"name\":\"Annas butterdeigspiroger - The Stories of Le Gruy\u00e8re AOP\",\"isPartOf\":{\"@id\":\"https:\\\/\\\/gruyerestories.com\\\/archive2022\\\/#website\"},\"primaryImageOfPage\":{\"@id\":\"https:\\\/\\\/gruyerestories.com\\\/archive2022\\\/no\\\/annas-butterdeigspiroger\\\/#primaryimage\"},\"image\":{\"@id\":\"https:\\\/\\\/gruyerestories.com\\\/archive2022\\\/no\\\/annas-butterdeigspiroger\\\/#primaryimage\"},\"thumbnailUrl\":\"https:\\\/\\\/gruyerestories.com\\\/archive2022\\\/wp-content\\\/uploads\\\/2022\\\/06\\\/Annas-pastry-pirogues-img.jpg\",\"datePublished\":\"2022-10-25T12:29:16+00:00\",\"description\":\"Anna lagde sine \u00f8steuropeiske butterdeigspiroger med sopp, karamellisert l\u00f8k og Le Gruy\u00e8re AOP til vennene sine.\",\"breadcrumb\":{\"@id\":\"https:\\\/\\\/gruyerestories.com\\\/archive2022\\\/no\\\/annas-butterdeigspiroger\\\/#breadcrumb\"},\"inLanguage\":\"en-US\",\"potentialAction\":[{\"@type\":\"ReadAction\",\"target\":[\"https:\\\/\\\/gruyerestories.com\\\/archive2022\\\/no\\\/annas-butterdeigspiroger\\\/\"]}]},{\"@type\":\"ImageObject\",\"inLanguage\":\"en-US\",\"@id\":\"https:\\\/\\\/gruyerestories.com\\\/archive2022\\\/no\\\/annas-butterdeigspiroger\\\/#primaryimage\",\"url\":\"https:\\\/\\\/gruyerestories.com\\\/archive2022\\\/wp-content\\\/uploads\\\/2022\\\/06\\\/Annas-pastry-pirogues-img.jpg\",\"contentUrl\":\"https:\\\/\\\/gruyerestories.com\\\/archive2022\\\/wp-content\\\/uploads\\\/2022\\\/06\\\/Annas-pastry-pirogues-img.jpg\",\"width\":800,\"height\":943},{\"@type\":\"BreadcrumbList\",\"@id\":\"https:\\\/\\\/gruyerestories.com\\\/archive2022\\\/no\\\/annas-butterdeigspiroger\\\/#breadcrumb\",\"itemListElement\":[{\"@type\":\"ListItem\",\"position\":1,\"name\":\"Home\",\"item\":\"https:\\\/\\\/gruyerestories.com\\\/archive2022\\\/\"},{\"@type\":\"ListItem\",\"position\":2,\"name\":\"Annas butterdeigspiroger\"}]},{\"@type\":\"WebSite\",\"@id\":\"https:\\\/\\\/gruyerestories.com\\\/archive2022\\\/#website\",\"url\":\"https:\\\/\\\/gruyerestories.com\\\/archive2022\\\/\",\"name\":\"The Stories of Le Gruy\u00e8re AOP\",\"description\":\"What would you cook with your friends?\",\"potentialAction\":[{\"@type\":\"SearchAction\",\"target\":{\"@type\":\"EntryPoint\",\"urlTemplate\":\"https:\\\/\\\/gruyerestories.com\\\/archive2022\\\/?s={search_term_string}\"},\"query-input\":{\"@type\":\"PropertyValueSpecification\",\"valueRequired\":true,\"valueName\":\"search_term_string\"}}],\"inLanguage\":\"en-US\"}]}<\/script>\n<!-- \/ Yoast SEO plugin. -->","yoast_head_json":{"title":"Annas butterdeigspiroger - The Stories of Le Gruy\u00e8re AOP","description":"Anna lagde sine \u00f8steuropeiske butterdeigspiroger med sopp, karamellisert l\u00f8k og Le Gruy\u00e8re AOP til vennene sine.","robots":{"index":"index","follow":"follow","max-snippet":"max-snippet:-1","max-image-preview":"max-image-preview:large","max-video-preview":"max-video-preview:-1"},"canonical":"https:\/\/gruyerestories.com\/archive2022\/no\/annas-butterdeigspiroger\/","og_locale":"en_US","og_type":"article","og_title":"Annas butterdeigspiroger - The Stories of Le Gruy\u00e8re AOP","og_description":"Anna lagde sine \u00f8steuropeiske butterdeigspiroger med sopp, karamellisert l\u00f8k og Le Gruy\u00e8re AOP til vennene sine.","og_url":"https:\/\/gruyerestories.com\/archive2022\/no\/annas-butterdeigspiroger\/","og_site_name":"The Stories of Le Gruy\u00e8re AOP","og_image":[{"width":800,"height":943,"url":"https:\/\/gruyerestories.com\/archive2022\/wp-content\/uploads\/2022\/06\/Annas-pastry-pirogues-img.jpg","type":"image\/jpeg"}],"twitter_card":"summary_large_image","twitter_misc":{"Est. reading time":"1 minute"},"schema":{"@context":"https:\/\/schema.org","@graph":[{"@type":"WebPage","@id":"https:\/\/gruyerestories.com\/archive2022\/no\/annas-butterdeigspiroger\/","url":"https:\/\/gruyerestories.com\/archive2022\/no\/annas-butterdeigspiroger\/","name":"Annas butterdeigspiroger - The Stories of Le Gruy\u00e8re AOP","isPartOf":{"@id":"https:\/\/gruyerestories.com\/archive2022\/#website"},"primaryImageOfPage":{"@id":"https:\/\/gruyerestories.com\/archive2022\/no\/annas-butterdeigspiroger\/#primaryimage"},"image":{"@id":"https:\/\/gruyerestories.com\/archive2022\/no\/annas-butterdeigspiroger\/#primaryimage"},"thumbnailUrl":"https:\/\/gruyerestories.com\/archive2022\/wp-content\/uploads\/2022\/06\/Annas-pastry-pirogues-img.jpg","datePublished":"2022-10-25T12:29:16+00:00","description":"Anna lagde sine \u00f8steuropeiske butterdeigspiroger med sopp, karamellisert l\u00f8k og Le Gruy\u00e8re AOP til vennene sine.","breadcrumb":{"@id":"https:\/\/gruyerestories.com\/archive2022\/no\/annas-butterdeigspiroger\/#breadcrumb"},"inLanguage":"en-US","potentialAction":[{"@type":"ReadAction","target":["https:\/\/gruyerestories.com\/archive2022\/no\/annas-butterdeigspiroger\/"]}]},{"@type":"ImageObject","inLanguage":"en-US","@id":"https:\/\/gruyerestories.com\/archive2022\/no\/annas-butterdeigspiroger\/#primaryimage","url":"https:\/\/gruyerestories.com\/archive2022\/wp-content\/uploads\/2022\/06\/Annas-pastry-pirogues-img.jpg","contentUrl":"https:\/\/gruyerestories.com\/archive2022\/wp-content\/uploads\/2022\/06\/Annas-pastry-pirogues-img.jpg","width":800,"height":943},{"@type":"BreadcrumbList","@id":"https:\/\/gruyerestories.com\/archive2022\/no\/annas-butterdeigspiroger\/#breadcrumb","itemListElement":[{"@type":"ListItem","position":1,"name":"Home","item":"https:\/\/gruyerestories.com\/archive2022\/"},{"@type":"ListItem","position":2,"name":"Annas butterdeigspiroger"}]},{"@type":"WebSite","@id":"https:\/\/gruyerestories.com\/archive2022\/#website","url":"https:\/\/gruyerestories.com\/archive2022\/","name":"The Stories of Le Gruy\u00e8re AOP","description":"What would you cook with your friends?","potentialAction":[{"@type":"SearchAction","target":{"@type":"EntryPoint","urlTemplate":"https:\/\/gruyerestories.com\/archive2022\/?s={search_term_string}"},"query-input":{"@type":"PropertyValueSpecification","valueRequired":true,"valueName":"search_term_string"}}],"inLanguage":"en-US"}]}},"_links":{"self":[{"href":"https:\/\/gruyerestories.com\/archive2022\/wp-json\/wp\/v2\/pages\/386","targetHints":{"allow":["GET"]}}],"collection":[{"href":"https:\/\/gruyerestories.com\/archive2022\/wp-json\/wp\/v2\/pages"}],"about":[{"href":"https:\/\/gruyerestories.com\/archive2022\/wp-json\/wp\/v2\/types\/page"}],"author":[{"embeddable":true,"href":"https:\/\/gruyerestories.com\/archive2022\/wp-json\/wp\/v2\/users\/1"}],"replies":[{"embeddable":true,"href":"https:\/\/gruyerestories.com\/archive2022\/wp-json\/wp\/v2\/comments?post=386"}],"version-history":[{"count":3,"href":"https:\/\/gruyerestories.com\/archive2022\/wp-json\/wp\/v2\/pages\/386\/revisions"}],"predecessor-version":[{"id":389,"href":"https:\/\/gruyerestories.com\/archive2022\/wp-json\/wp\/v2\/pages\/386\/revisions\/389"}],"wp:featuredmedia":[{"embeddable":true,"href":"https:\/\/gruyerestories.com\/archive2022\/wp-json\/wp\/v2\/media\/164"}],"wp:attachment":[{"href":"https:\/\/gruyerestories.com\/archive2022\/wp-json\/wp\/v2\/media?parent=386"}],"curies":[{"name":"wp","href":"https:\/\/api.w.org\/{rel}","templated":true}]}}